 ((4 - -3) + -22)))
9
What is 23 + -2 - (-186 - -213)?
-6
-9 + (-5 + 1 - (136 - 145))
-4
What is the value of -3 + (34 - 0) + -80 + 67?
18
Calculate -2 + (3 - 6) + 6.
1
67 - 47 - (-6 - (-11 + 8))
23
0 + 0 + 11 + (-81 - -69)
-1
Calculate -11 + ((5 - 3) + -7 - -7).
-9
What is -9880 + 9874 - (-1 - -1 - 31)?
25
5 + -5 - (-7 + 5 + -11 + 0)
13
Evaluate (4 - 19 - (-2 - 4)) + -1.
-10
Calculate -32 + 13 + 4 + 13.
-2
Calculate (3 - -2) + (11 + -11 + 11 - 7).
9
What is -12 + 2 - (-92 + 91)?
-9
Evaluate -6 + 13 - (10 - (0 - 0)).
-3
What is -9 - -11 - (-2 - (12 + (-3 - 5)))?
8
-23 - ((-16 - -1) + -7)
-1
-11 + (0 - -9) + -8 + 11
1
What is 13 + 0 + (0 - 1) - 0?
12
Evaluate -6 + 0 - ((-7 - -21) + -18).
-2
What is the value of 1 + 2 + 1 + (-15 + 11 - 3)?
-3
Evaluate -1 + 1 - (-10 + -2 + -6) - 8.
10
Calculate -16 + 9 + 16 + -4.
5
Calculate 12 - (1 + -1) - 3.
9
(15 - (-1 - (0 + -14))) + 3 + -31
-26
Calculate 1 - ((1 - 7) + (5 - 1) + -1).
4
What is the value of 10 - (-17 - -14) - -5?
18
Evaluate -163 - -163 - (-10 - (0 + 1)).
11
Calculate -65 + 65 - (2 - -5).
-7
Calculate -40 + 0 + 9 + 12.
-19
Evaluate -2 - -27 - (34 + -11).
2
What is 5 - (7 + (-7 - (-7 - 0)))?
-2
Evaluate 539 + -526 - (41 - 0).
-28
Evaluate -1 - -2 - (1 + (9 - 13) - 2).
6
(-36 - -13) + -2 + 0 + 89 + -82
-18
0 + (-2 - -6) + -11 + (17 - 1)
9
What is -2 - (0 + -5) - (97 - 90)?
-4
Evaluate (7 - 11 - (2 - 11)) + -4.
1
-6 + 18 + 17 + 7
36
-8 + -1 - (-4 + 2 + -8)
1
11 - 4 - ((3 - 8) + 2)
10
What is the value of -2 + 16 + ((4 - -8) + -4 - -2)?
24
Calculate -17 + 11 + (-5 - -5).
-6
-17 + 2 - (-82 + 64)
3
What is -35 + 1 + 9 + -3 + 56 + -56?
-28
What is the value of 4 + -5 + (2 - 4 - (-8 - 0))?
5
What is -5 + (6 - 11) + 6?
-4
What is the value of -26 - (-53 + -3 - -3)?
27
Calculate 0 + 20 - 7 - 3.
10
3 + -12 - (-2 - (-8 - -23))
8
2 - 1 - (26 + -11 - 7)
-7
What is the value of -2 + 27 + (-165 - -156)?
16
What is -2 + (-2 - -8) + (8 - (10 - -9))?
-7
What is -4 + (-50 - -23) + 12?
-19
What is -19 - (-17 - (9 + -21))?
-14
Evaluate -99 + 83 + (-8 + 1 - (-2 - -1)).
-22
Calculate -16 + 5 + 25 - 1.
13
What is the value of 29 - (0 + -30 + 71)?
-12
What is the value of 4 + -31 + 22 + -17?
-22
What is the value of 20 + (34 - 68) - -46?
32
Evaluate (-3 - 2) + 3 - (5 + 0 + 1).
-8
10 + -15 + (-7 - (6 - 4))
-14
What is -11 - (-1 + (2 - -6) + -9)?
-9
Evaluate -37 + (56 - -25) - 53.
-9
What is the value of -5 - (-21 - -10 - -13) - (-5 + 0)?
-2
Calculate (12 + (4 - 11) - 2) + 2.
5
10 + (-109 - -104) + (1 - -9)
15
Evaluate -7 + (-8 - -6 - (6 + -7)).
-8
Evaluate (1 + (-2 - 0) - 2) + (-34 - -26).
-11
Calculate -6 + 3 - (0 - 4 - -1 - -4).
-4
Evaluate -12 + 2 + 26 + -4.
12
(-17 - (3 + -9)) + 4 + -8
-15
What is 15 + -36 + (-36 - -32)?
-25
Calculate -11 + 0 + -20 + 34.
3
7 - (15 - (-10 - -8))
-10
What is the value of (-5 - (1 - -1)) + -248 + 257?
2
(-8 - 34) + 59 + -24
-7
What is the value of 17 + -2 + (-24 - -18 - -2)?
11
Calculate 19 - 12 - -12 - 29.
-10
What is the value of -4 - ((-4 - (-7 - (5 - 7))) + -2)?
-3
What is the value of 5 + 2 - ((28 - -1) + (30 - 26))?
-26
What is 0 + 9 - -15 - (43 - 31)?
12
Calculate -84 - -88 - (1 - 1) - -14.
18
15 + -6 - (-20 - -8) - 9
12
-6 + ((1 - 3) + 0 - (115 - 114))
-9
What is the value of 19 + -14 + 1 + 3 + -3 + 14?
20
Evaluate (-5 + 12 + -7 - -7) + 4.
11
(4 - 14 - 8) + 11 + (0 - 21)
-28
What is the value of (9 - 3) + (1 + 3 - (13 + -15))?
12
What is the value of -26 - (-49 + -39 + 52)?
10
What is the value of 36 + -44 + 42 + -66?
-32
What is the value of 12 + -22 + (-3 - -14)?
1
What is the value of 7 - -8 - (-7 + -4) - 11 - -6?
21
What is the value of 4 - (8 - 0) - -7?
3
48 + -14 + -24 + (-7 - 1)
2
What is the value of -3 + 0 + 6 + -1 - (10 - 3)?
-5
(3 - -2) + -371 + 355
-11
What is -18 + 13 - (-7 + 5) - -6?
3
-2 + (-7 - 6 - -4)
-11
Evaluate -11 - (7 - (2 - ((-3 - -7) + -5))).
-15
What is the value of -6 + (4 + -13 + 9 - 0)?
-6
Calculate 3 + (5 + (-2 - 0) - 12 - -6).
0
Calculate 5 + -6 - (-14 - (-19 + -20)).
-26
Calculate 21 + -18 + (4 - 8) + 4 + 1.
4
What is the value of (-5 - (-7 + -1)) + 8?
11
What is the value of -21 + (-15 - -1) + (7 - -3)?
-25
22 + (-5 - -2) + -6 + -2
11
What is (1 - 17) + -1 + 2 - (3 + -5)?
-13
What is (28 + -39 - (3 - 14) - 1) + -4?
-5
What is -3 + 6 - (-12 - (4 + -3))?
16
Evaluate 17 + -18 + (5 - -23) + 5.
32
Evaluate 8 + 66 + -74 + 34 + -1.
33
9 - (-6 + -4 + 4 - -3)
12
What is the value of (16 - -2) + (8 - 17)?
9
Calculate -30 + 23 + (4 - 14) + 8.
-9
What is 1 + -14 - (-23 + (-3 - 6))?
19
Evaluate 23 + (-54 + 26 - -17).
12
What is the value of 19 - (-17 + 38 + 0)?
-2
What is 9 + (21 - 23 - (2 - -2))?
3
What is -4 + 2 - 4 - (4 - (20 + -4))?
6
What is the value of -18 + 0 - ((90 - 92) + 0 + 1)?
-17
Evaluate (284 - 262) + 2 + -38.
-14
What is -24 + (12 - 0) - -9?
-3
Evaluate 3 + 6 - 3 - (-2 + 3 + -8).
13
What is -12 - (-5 + -18 + 9) - (-1 - 3)?
6
-1 + -16 + 2 + 1060 + -1059
-14
Evaluate (-8 - (2 + 1)) + 31 + -32.
-12
-5 - (-28 + -25 + 56)
-8
What is the value of 519 + -525 - ((-1 - 1) + 3 + 15)?
-22
(-5 - -2) + 15 + -19
-7
Evaluate -16 + (-33 - -16 - -6).
-27
26 - 19 - (-3 + 2 - -15) - 0
-7
0 + -5 + 16 - 21
-10
Evaluate 4 - -9 - (-31 + 21 - 1).
24
Evaluate (13 - 34) + 12 - -19 - 0.
10
Calculate -4 + 9 + -2 + -2 - 2 - -6.
5
Evaluate 4 - (1 + (4 - (7 - -1)) - -9).
-2
(13 - 2 - 1) + -7
3
What is (5 + 5 - 13) + -9?
-12
Evaluate -3 + -9 - (2 + -11).
-3
Evaluate -5 + (13 - 0 - 4) + -5 + 4.
3
What is 8 - (0 + 10 - (-12 + (4 - -14)))?
4
Calculate (-1 - 2) + (7 - -7) + -27 + 21.
5
Calculate -9 + 6 - (-7 + (14 - 8)).
-2
What is -8 - (-25 + 14 + 17 - (18 + -2))?
2
Evaluate -756 - -725 - (-29 + -1).
-1
Calculate 13 + (-44 - -38) + -23.
-16
What is 21 + -1 + -273 + 275?
22
What is the value of -14 - -12 - (-34 - 1) - 13?
20
Evaluate 8 + 21 + -11 + -13 - 15.
-10
What is -2 + 2 + 1 + -8 - (-53 - -23)?
23
What is 0 - -4 - 6 - (-50 + 51)?
-3
What is (-2 - 0) + 2 + -41 + 68 + -19?
8
(-3 - (11 + -19)) + -4 + -10
-9
Evaluate (-1 - (-20 - 0)) + (4 - 12).
11
-495 + 475 + (0 - -15)
-5
6 - (8 + (1 + 4 - (-11 + -1)))
-19
Calculate 2 + 1 + (259 - 256).
6
Calculate -4 + (1 + -7 - (-31 + 24)).
-3
What is (-1 - 27 - (-2 - 6)) + -2 + 9?
-13
What is the value of -2 - ((-1 - 0) + 79 + -73)?
-7
Calculate -2 - (6 + 3 + -3) - -8 - 11.
-11
What is -1 + -7 + (21 - 18 - -8) - 1?
2
0 - 17 - (-512 + 504)
-9
What is the value of (5 - (12 - 6 - 6)) + 6?
11
What is 0 + (3 - -4) + -2 + (-7 - -3)?
1
Calculate 28 + -74 - (-36 + 1).
-11
What is the value of -12 - (-22 + (-5 - -7 - 20))?
28
What is the value of -57 + (1 + 39 - -6)?
-11
Evaluate -7 + (0 - 5) - (-12 + -1).
1
Evaluate -12 + (-2 - -13 - (-9 + 15)) + 0.
-7
What is -11 + -27 + 19 + 12?
-7
What is 14 + -40 - (-2 + (-4 - -4) - 3)?
-21
What is 2 + (-16 - 11) - -31?
6
What is 12 + 10 - 17 - 29?
-24
Calculate -7 + (0 - -13) + 43 + -44 + -7.
-2
What is 5 + (-13 - -3 - -11)?
6
What is -3 + 15 - (-62 + 40)?
34
(0 + 0 - 0) + -293 + 307
14
12 + -29 + (-6 - (-13 - (-2 - 0)))
-12
Evaluate (-7 - ((-9 - -6) + -2)) + -5 - 4.
-11
Calculate -1 - -8 - ((7 - -1) + -149 + 114).
34
What is the value of 24 - 47 - (14 + -39)?
2
What is the value of 1 + -12 + 12 - (-2 + 11)?
-8
Calculate 0 + -3 - (-168 - -175) - 1.
-11
Evaluate (0 - -1) + 1 + -7 + 5 + -7.
-7
What is 9 - 20 - (13 - (10 - 5))?
-19
(-26 + 32 + -5 + 2 - 1) + 9
11
7 + 0 - (-19 - (-20 - -16) - -49)
-27
Calculate 22 - (39 - 10) - -11.
4
What is 4 + (31 - 24) + 10 + (3 - -1)?
25
Evaluate 23 - (-18 - -32) - 18.
-9
-16 - -13 - (-25 - (-5 - (0 + 2)))
15
Calculate -12 + (-4 - -7 - (-3 + 0)) + 17.
11
Calculate 21 + -23 + 16 - 11 - 27.
-24
Evaluate -5 + 4 + 4 + (-9 - -2) + -8.
-12
-15 + (-28 - -23) - -38
18
What is 5 + (-13 + 15 - -7)?
14
Evaluate (-5 - -9) + (7 - 12 - -6) + -1.
4
(-20 - -5) + 16 - 10
-9
What is -62 + 64 + (1 - 10)?
-7
Evaluate -4 - -2 - (-7 + (-9 + 1 - 6)).
19
Evaluate (18 - 21) + 10 - (4 + -1).
4
Calculate 12 + (0 - 15) + -5.
-8
-14 + (-2 - -11) + -8 + (-9 - -12)
-10
Evaluate (-32 - -41) + -3 + -19.
-13
-11 + (-6 - -8 - (-29 - -19))
1
What is 15 - (-12 + 38 + -40)?
29
-3 + 0 + -9 + -4 + 19
3
What is (2 - 4) + (13 + -19 - (9 + -3))?
-14
What is (-5 + 5 - (-1 + 1)) + (8 - 4)?
4
Evaluate 1 + -17 + -7 + 4.
-19
Evaluate (21 - 20) + -2 + 18 + -7.
10
What is the value of -13 + -4 + -1 + 15?
-3
Evaluate -